{"id":204,"date":"2025-12-26T20:39:17","date_gmt":"2025-12-26T19:39:17","guid":{"rendered":"https:\/\/www.hervemassage.fr\/?post_type=product&#038;p=204"},"modified":"2026-01-16T17:57:58","modified_gmt":"2026-01-16T16:57:58","slug":"massage-abhyanga","status":"publish","type":"product","link":"https:\/\/www.hervemassage.fr\/index.php\/produit\/massage-abhyanga\/","title":{"rendered":"Massage \u00e9nerg\u00e9tique Abhyanga"},"content":{"rendered":"<p>Vous avez envie d\u2019un massage \u00e9nergisant mais \u00e9galement relaxant ? Le massage Abhyanga permet le r\u00e9\u00e9quilibrage \u00e9nerg\u00e9tique du corps et de l\u2019esprit. Les massages Ayurv\u00e9diques apportent de nombreux bienfaits comme l\u2019am\u00e9lioration de la circulation sanguine et lymphatique, la tonification, la relaxation des tissus musculaires et l\u2019augmentation des d\u00e9fenses immunitaires.<\/p>\n<p>Ce massage se pratique sur l&rsquo;ensemble du corps avec une huile neutre ou parfum\u00e9e. Il est propos\u00e9 sur 60 minutes ou 90 minutes.<\/p>\n<p>Le massage peut avoir lieu :<\/p>\n<ul>\n<li>\u00e0 domicile (+15\u20ac &#8211; voir localit\u00e9s selon agenda)<\/li>\n<li>en espace bien-\u00eatre (selon disponibilit\u00e9s)<\/li>\n<\/ul>\n<p>Il est ouvert \u00e0 toute personne ne pr\u00e9sentant pas de contrindication au massage bien \u00eatre, c&rsquo;est \u00e0 dire ne pr\u00e9sentant pas d&rsquo;infection ou d&rsquo;inflammation (y compris rhume ou maladie b\u00e9nigne), n&rsquo;ayant pas subit d&rsquo;op\u00e9ration chirurgicale de moins de 3 mois et pour les femmes enceinte sur avis m\u00e9dical uniquement.<\/p>\n<p>Pour les soins \u00e0 domicile, il est n\u00e9cessaire de disposer d&rsquo;un espace libre et intime de 3m50 x 3m minimum, correctement chauff\u00e9 (entre 21\u00b0C et 24\u00b0C), et d&rsquo;un point d&rsquo;eau facilement accessible. Veiller \u00e0 ce qu&rsquo;aucun passage par cet espace ne soit possible durant toute la dur\u00e9e du massage.<\/p>\n<p>La table de massage, les draps, serviettes et huile sont fournis.<\/p>\n","protected":false},"excerpt":{"rendered":"<p>Vous avez envie d\u2019un massage \u00e9nergisant mais \u00e9galement relaxant ? Le massage Abhyanga permet le r\u00e9\u00e9quilibrage \u00e9nerg\u00e9tique du corps et de l\u2019esprit. Les massages Ayurv\u00e9diques apportent de nombreux bienfaits comme l\u2019am\u00e9lioration de la circulation sanguine et lymphatique, la tonification, la relaxation des tissus musculaires et l\u2019augmentation des d\u00e9fenses immunitaires.<\/p>\n","protected":false},"featured_media":122,"template":"","meta":[],"product_brand":[],"product_cat":[18],"product_tag":[],"class_list":{"0":"post-204","1":"product","2":"type-product","3":"status-publish","4":"has-post-thumbnail","6":"product_cat-massage","7":"bookacti-activity","9":"first","10":"instock","11":"sold-individually","12":"shipping-taxable","13":"purchasable","14":"product-type-variable"},"aioseo_notices":[],"jetpack_sharing_enabled":true,"_links":{"self":[{"href":"https:\/\/www.hervemassage.fr\/index.php\/wp-json\/wp\/v2\/product\/204","targetHints":{"allow":["GET"]}}],"collection":[{"href":"https:\/\/www.hervemassage.fr\/index.php\/wp-json\/wp\/v2\/product"}],"about":[{"href":"https:\/\/www.hervemassage.fr\/index.php\/wp-json\/wp\/v2\/types\/product"}],"wp:featuredmedia":[{"embeddable":true,"href":"https:\/\/www.hervemassage.fr\/index.php\/wp-json\/wp\/v2\/media\/122"}],"wp:attachment":[{"href":"https:\/\/www.hervemassage.fr\/index.php\/wp-json\/wp\/v2\/media?parent=204"}],"wp:term":[{"taxonomy":"product_brand","embeddable":true,"href":"https:\/\/www.hervemassage.fr\/index.php\/wp-json\/wp\/v2\/product_brand?post=204"},{"taxonomy":"product_cat","embeddable":true,"href":"https:\/\/www.hervemassage.fr\/index.php\/wp-json\/wp\/v2\/product_cat?post=204"},{"taxonomy":"product_tag","embeddable":true,"href":"https:\/\/www.hervemassage.fr\/index.php\/wp-json\/wp\/v2\/product_tag?post=204"}],"curies":[{"name":"wp","href":"https:\/\/api.w.org\/{rel}","templated":true}]}}